{"id":1080,"date":"2018-04-30T18:07:53","date_gmt":"2018-04-30T16:07:53","guid":{"rendered":"https:\/\/laretive.info\/?page_id=1080"},"modified":"2018-04-30T18:07:53","modified_gmt":"2018-04-30T16:07:53","slug":"mars-2018","status":"publish","type":"page","link":"https:\/\/laretive.info\/?page_id=1080","title":{"rendered":"Mars 2018"},"content":{"rendered":"\n\n\t<ul  class=\"eo-events eo-events-shortcode\" > \n\n\t\t\n\t\t\t\n\t\t\t<li class=\"eo-event-cat-luttes-sociales eo-event-past\" >\n\t\t\t\t<a href=\"https:\/\/laretive.info\/?event=bure-et-lenfouissement-nucleaire\">Discussion &#8211; BURE et l\u2019enfouissement nucl\u00e9aire<\/a> le 10 mars 2018 19h00\t\t\t<\/li>\n\n\t\t\n\t\t\t\n\t\t\t<li class=\"eo-event-cat-cantines eo-event-past\" >\n\t\t\t\t<a href=\"https:\/\/laretive.info\/?event=cantine-de-la-retive-4\">Cantine de la R\u00e9tive<\/a> le 11 mars 2018 13h00\t\t\t<\/li>\n\n\t\t\n\t\t\t\n\t\t\t<li class=\"eo-event-cat-groupe-de-lecture eo-event-cat-theories-politiques eo-event-past\" >\n\t\t\t\t<a href=\"https:\/\/laretive.info\/?event=groupe-de-lecture-la-question-de-lorganisation-2\">Groupe de lecture &#8211; La question de l\u2019organisation<\/a> le 15 mars 2018 19h30\t\t\t<\/li>\n\n\t\t\n\t\t\t\n\t\t\t<li class=\"eo-event-cat-cantines eo-event-past\" >\n\t\t\t\t<a href=\"https:\/\/laretive.info\/?event=cantine-sans-frontieres-4\">Cantine sans fronti\u00e8res<\/a> le 16 mars 2018 14h30\t\t\t<\/li>\n\n\t\t\n\t\t\t\n\t\t\t<li class=\"eo-event-cat-ag eo-event-past\" >\n\t\t\t\t<a href=\"https:\/\/laretive.info\/?event=assemblee-generale-annuelle-de-la-retive\">Assembl\u00e9e G\u00e9n\u00e9rale annuelle de la R\u00e9tive<\/a> le 18 mars 2018 9h00\t\t\t<\/li>\n\n\t\t\n\t\t\t\n\t\t\t<li class=\"eo-event-cat-cantines eo-event-past\" >\n\t\t\t\t<a href=\"https:\/\/laretive.info\/?event=cantine-sans-frontieres-repas-kabyle\">Cantine sans fronti\u00e8res: repas Kabyle !!<\/a> le 24 mars 2018 12h30\t\t\t<\/li>\n\n\t\t\n\t\t\t\n\t\t\t<li class=\"eo-event-cat-cine-club eo-event-past\" >\n\t\t\t\t<a href=\"https:\/\/laretive.info\/?event=cine-club-a-touch-of-sin\">Cin\u00e9-Club: A Touch of Sin<\/a> le 30 mars 2018 20h30\t\t\t<\/li>\n\n\t\t\n\t<\/ul>\n\n\n","protected":false},"excerpt":{"rendered":"","protected":false},"author":2,"featured_media":0,"parent":1036,"menu_order":0,"comment_status":"closed","ping_status":"closed","template":"","meta":{"footnotes":""},"class_list":["post-1080","page","type-page","status-publish","hentry"],"_links":{"self":[{"href":"https:\/\/laretive.info\/index.php?rest_route=\/wp\/v2\/pages\/1080","targetHints":{"allow":["GET"]}}],"collection":[{"href":"https:\/\/laretive.info\/index.php?rest_route=\/wp\/v2\/pages"}],"about":[{"href":"https:\/\/laretive.info\/index.php?rest_route=\/wp\/v2\/types\/page"}],"author":[{"embeddable":true,"href":"https:\/\/laretive.info\/index.php?rest_route=\/wp\/v2\/users\/2"}],"replies":[{"embeddable":true,"href":"https:\/\/laretive.info\/index.php?rest_route=%2Fwp%2Fv2%2Fcomments&post=1080"}],"version-history":[{"count":1,"href":"https:\/\/laretive.info\/index.php?rest_route=\/wp\/v2\/pages\/1080\/revisions"}],"predecessor-version":[{"id":1081,"href":"https:\/\/laretive.info\/index.php?rest_route=\/wp\/v2\/pages\/1080\/revisions\/1081"}],"up":[{"embeddable":true,"href":"https:\/\/laretive.info\/index.php?rest_route=\/wp\/v2\/pages\/1036"}],"wp:attachment":[{"href":"https:\/\/laretive.info\/index.php?rest_route=%2Fwp%2Fv2%2Fmedia&parent=1080"}],"curies":[{"name":"wp","href":"https:\/\/api.w.org\/{rel}","templated":true}]}}