{"id":552,"date":"2016-04-15T18:36:58","date_gmt":"2016-04-15T16:36:58","guid":{"rendered":"https:\/\/laretive.info\/?page_id=552"},"modified":"2016-04-15T18:36:58","modified_gmt":"2016-04-15T16:36:58","slug":"janvier-2016","status":"publish","type":"page","link":"https:\/\/laretive.info\/?page_id=552","title":{"rendered":"Janvier 2016"},"content":{"rendered":"\n\n\t<ul  class=\"eo-events eo-events-shortcode\" > \n\n\t\t\n\t\t\t\n\t\t\t<li class=\"eo-event-past\" >\n\t\t\t\t<a href=\"https:\/\/laretive.info\/?event=atelier-decriture-3\">Atelier d&rsquo;\u00e9criture<\/a> le 6 janvier 2016 19h30\t\t\t<\/li>\n\n\t\t\n\t\t\t\n\t\t\t<li class=\"eo-event-past\" >\n\t\t\t\t<a href=\"https:\/\/laretive.info\/?event=cantine-4\">Cantine<\/a> le 10 janvier 2016 13h00\t\t\t<\/li>\n\n\t\t\n\t\t\t\n\t\t\t<li class=\"eo-event-past\" >\n\t\t\t\t<a href=\"https:\/\/laretive.info\/?event=groupe-de-lecture-labrege-du-capital-de-k-marx-par-c-cafiero\">Groupe de lecture : l&rsquo;Abr\u00e9g\u00e9 du Capital de K. Marx par C. Cafiero<\/a> le 13 janvier 2016 19h00\t\t\t<\/li>\n\n\t\t\n\t\t\t\n\t\t\t<li class=\"eo-event-past\" >\n\t\t\t\t<a href=\"https:\/\/laretive.info\/?event=reunion-publique-pour-un-bulletin-de-luttes\">Appel pour un bulletin de luttes <p><em> \u00e0 l&rsquo;initiative du collectif exploit\u00e9s-\u00e9nerv\u00e9s<\/em><\/a> le 16 janvier 2016 19h00\t\t\t<\/li>\n\n\t\t\n\t\t\t\n\t\t\t<li class=\"eo-event-past\" >\n\t\t\t\t<a href=\"https:\/\/laretive.info\/?event=atelier-decriture-3\">Atelier d&rsquo;\u00e9criture<\/a> le 20 janvier 2016 19h30\t\t\t<\/li>\n\n\t\t\n\t\t\t\n\t\t\t<li class=\"eo-event-past\" >\n\t\t\t\t<a href=\"https:\/\/laretive.info\/?event=cantine-de-soutien-pour-le-collectif-cevennes-sans-frontieres\">Cantine sans fronti\u00e8res en soutien \u00e0 des familles sans-papiers h\u00e9berg\u00e9es aux alentours d&rsquo;Al\u00e8s<\/a> le 24 janvier 2016 13h00\t\t\t<\/li>\n\n\t\t\n\t\t\t\n\t\t\t<li class=\"eo-event-past\" >\n\t\t\t\t<a href=\"https:\/\/laretive.info\/?event=cine-club-boys-dont-cry\">Cin\u00e9-club : Boys don&rsquo;t cry<\/a> le 29 janvier 2016 19h00\t\t\t<\/li>\n\n\t\t\n\t<\/ul>\n\n\n","protected":false},"excerpt":{"rendered":"","protected":false},"author":2,"featured_media":0,"parent":0,"menu_order":0,"comment_status":"closed","ping_status":"closed","template":"","meta":{"footnotes":""},"class_list":["post-552","page","type-page","status-publish","hentry"],"_links":{"self":[{"href":"https:\/\/laretive.info\/index.php?rest_route=\/wp\/v2\/pages\/552","targetHints":{"allow":["GET"]}}],"collection":[{"href":"https:\/\/laretive.info\/index.php?rest_route=\/wp\/v2\/pages"}],"about":[{"href":"https:\/\/laretive.info\/index.php?rest_route=\/wp\/v2\/types\/page"}],"author":[{"embeddable":true,"href":"https:\/\/laretive.info\/index.php?rest_route=\/wp\/v2\/users\/2"}],"replies":[{"embeddable":true,"href":"https:\/\/laretive.info\/index.php?rest_route=%2Fwp%2Fv2%2Fcomments&post=552"}],"version-history":[{"count":1,"href":"https:\/\/laretive.info\/index.php?rest_route=\/wp\/v2\/pages\/552\/revisions"}],"predecessor-version":[{"id":553,"href":"https:\/\/laretive.info\/index.php?rest_route=\/wp\/v2\/pages\/552\/revisions\/553"}],"wp:attachment":[{"href":"https:\/\/laretive.info\/index.php?rest_route=%2Fwp%2Fv2%2Fmedia&parent=552"}],"curies":[{"name":"wp","href":"https:\/\/api.w.org\/{rel}","templated":true}]}}