{"id":556,"date":"2016-04-15T18:38:39","date_gmt":"2016-04-15T16:38:39","guid":{"rendered":"https:\/\/laretive.info\/?page_id=556"},"modified":"2016-04-15T18:38:39","modified_gmt":"2016-04-15T16:38:39","slug":"mars-2016","status":"publish","type":"page","link":"https:\/\/laretive.info\/?page_id=556","title":{"rendered":"Mars 2016"},"content":{"rendered":"\n\n\t<ul  class=\"eo-events eo-events-shortcode\" > \n\n\t\t\n\t\t\t\n\t\t\t<li class=\"eo-event-past\" >\n\t\t\t\t<a href=\"https:\/\/laretive.info\/?event=soiree-de-presentation-du-guide-face-a-la-police-face-a-la-justice\">Soir\u00e9e de pr\u00e9sentation du guide <em>Face \u00e0 la police \/ face \u00e0 la justice <\/em><\/a> le 5 mars 2016 19h00\t\t\t<\/li>\n\n\t\t\n\t\t\t\n\t\t\t<li class=\"eo-event-past\" >\n\t\t\t\t<a href=\"https:\/\/laretive.info\/?event=atelier-decriture-3\">Atelier d&rsquo;\u00e9criture<\/a> le 9 mars 2016 19h30\t\t\t<\/li>\n\n\t\t\n\t\t\t\n\t\t\t<li class=\"eo-event-past\" >\n\t\t\t\t<a href=\"https:\/\/laretive.info\/?event=cantine-menu-scandinave\">Cantine : menu scandinave<\/a> le 13 mars 2016 13h00\t\t\t<\/li>\n\n\t\t\n\t\t\t\n\t\t\t<li class=\"eo-event-past\" >\n\t\t\t\t<a href=\"https:\/\/laretive.info\/?event=atelier-decriture-3\">Atelier d&rsquo;\u00e9criture<\/a> le 23 mars 2016 19h30\t\t\t<\/li>\n\n\t\t\n\t\t\t\n\t\t\t<li class=\"eo-event-past\" >\n\t\t\t\t<a href=\"https:\/\/laretive.info\/?event=cine-club-johnny-sen-va-t-en-guerre\">Cin\u00e9-club : Johnny s&rsquo;en va-t-en guerre<\/a> le 25 mars 2016 19h00\t\t\t<\/li>\n\n\t\t\n\t\t\t\n\t\t\t<li class=\"eo-event-past\" >\n\t\t\t\t<a href=\"https:\/\/laretive.info\/?event=discussion-sur-levolution-du-mouvement\">Discussion sur l&rsquo;\u00e9volution du mouvement<\/a> le 28 mars 2016 19h00\t\t\t<\/li>\n\n\t\t\n\t\t\t\n\t\t\t<li class=\"eo-event-past eo-all-day\" >\n\t\t\t\t<a href=\"https:\/\/laretive.info\/?event=manifestation-contre-la-loi-travail\">Manifestation contre la loi travail<\/a> le 31 mars 2016\t\t\t<\/li>\n\n\t\t\n\t<\/ul>\n\n\n","protected":false},"excerpt":{"rendered":"","protected":false},"author":2,"featured_media":0,"parent":0,"menu_order":0,"comment_status":"closed","ping_status":"closed","template":"","meta":{"footnotes":""},"class_list":["post-556","page","type-page","status-publish","hentry"],"_links":{"self":[{"href":"https:\/\/laretive.info\/index.php?rest_route=\/wp\/v2\/pages\/556","targetHints":{"allow":["GET"]}}],"collection":[{"href":"https:\/\/laretive.info\/index.php?rest_route=\/wp\/v2\/pages"}],"about":[{"href":"https:\/\/laretive.info\/index.php?rest_route=\/wp\/v2\/types\/page"}],"author":[{"embeddable":true,"href":"https:\/\/laretive.info\/index.php?rest_route=\/wp\/v2\/users\/2"}],"replies":[{"embeddable":true,"href":"https:\/\/laretive.info\/index.php?rest_route=%2Fwp%2Fv2%2Fcomments&post=556"}],"version-history":[{"count":1,"href":"https:\/\/laretive.info\/index.php?rest_route=\/wp\/v2\/pages\/556\/revisions"}],"predecessor-version":[{"id":557,"href":"https:\/\/laretive.info\/index.php?rest_route=\/wp\/v2\/pages\/556\/revisions\/557"}],"wp:attachment":[{"href":"https:\/\/laretive.info\/index.php?rest_route=%2Fwp%2Fv2%2Fmedia&parent=556"}],"curies":[{"name":"wp","href":"https:\/\/api.w.org\/{rel}","templated":true}]}}