{"id":636,"date":"2016-07-09T14:48:04","date_gmt":"2016-07-09T12:48:04","guid":{"rendered":"https:\/\/laretive.info\/?page_id=636"},"modified":"2016-07-09T14:48:04","modified_gmt":"2016-07-09T12:48:04","slug":"juin-2016","status":"publish","type":"page","link":"https:\/\/laretive.info\/?page_id=636","title":{"rendered":"Juin 2016"},"content":{"rendered":"\n\n\t<ul  class=\"eo-events eo-events-shortcode\" > \n\n\t\t\n\t\t\t\n\t\t\t<li class=\"eo-event-past\" >\n\t\t\t\t<a href=\"https:\/\/laretive.info\/?event=atelier-decriture-3\">Atelier d&rsquo;\u00e9criture<\/a> le 1 juin 2016 19h30\t\t\t<\/li>\n\n\t\t\n\t\t\t\n\t\t\t<li class=\"eo-event-past\" >\n\t\t\t\t<a href=\"https:\/\/laretive.info\/?event=soiree-spectacle-de-marionnettes-pour-adultes\">Soir\u00e9e spectacle de <em>marionnettes pour adultes<\/em><\/a> le 4 juin 2016 19h30\t\t\t<\/li>\n\n\t\t\n\t\t\t\n\t\t\t<li class=\"eo-event-past eo-multi-day\" >\n\t\t\t\t<a href=\"https:\/\/laretive.info\/?event=discussion-avec-claude-guillon-etat-durgence-etat-policier-etat-tout-court\">(Contre) l&rsquo;\u00c9tat d&rsquo;urgence, l&rsquo;\u00c9tat policier&#8230; l&rsquo;\u00c9tat tout court (avec Claude Guillon)<\/a> le 10 juin 2016 20h00\t\t\t<\/li>\n\n\t\t\n\t\t\t\n\t\t\t<li class=\"eo-event-past\" >\n\t\t\t\t<a href=\"https:\/\/laretive.info\/?event=atelier-decriture-3\">Atelier d&rsquo;\u00e9criture<\/a> le 15 juin 2016 19h30\t\t\t<\/li>\n\n\t\t\n\t\t\t\n\t\t\t<li class=\"eo-event-past\" >\n\t\t\t\t<a href=\"https:\/\/laretive.info\/?event=cine-club-1-2-3-soleil-de-bertrand-blier\">Cin\u00e9-club : 1 2 3 soleil de Bertrand Blier<\/a> le 24 juin 2016 19h00\t\t\t<\/li>\n\n\t\t\n\t\t\t\n\t\t\t<li class=\"eo-event-past\" >\n\t\t\t\t<a href=\"https:\/\/laretive.info\/?event=cantine-menu-on-a-faim\">Cantine : menu \u00ab\u00a0on a faim !\u00a0\u00bb<\/a> le 26 juin 2016 13h00\t\t\t<\/li>\n\n\t\t\n\t\t\t\n\t\t\t<li class=\"eo-event-past\" >\n\t\t\t\t<a href=\"https:\/\/laretive.info\/?event=lecture-des-textes-de-latelier-decriture\">Lecture des textes de l&rsquo;atelier d&rsquo;\u00e9criture<\/a> le 29 juin 2016 19h30\t\t\t<\/li>\n\n\t\t\n\t<\/ul>\n\n\n","protected":false},"excerpt":{"rendered":"","protected":false},"author":2,"featured_media":0,"parent":565,"menu_order":0,"comment_status":"closed","ping_status":"closed","template":"","meta":{"footnotes":""},"class_list":["post-636","page","type-page","status-publish","hentry"],"_links":{"self":[{"href":"https:\/\/laretive.info\/index.php?rest_route=\/wp\/v2\/pages\/636","targetHints":{"allow":["GET"]}}],"collection":[{"href":"https:\/\/laretive.info\/index.php?rest_route=\/wp\/v2\/pages"}],"about":[{"href":"https:\/\/laretive.info\/index.php?rest_route=\/wp\/v2\/types\/page"}],"author":[{"embeddable":true,"href":"https:\/\/laretive.info\/index.php?rest_route=\/wp\/v2\/users\/2"}],"replies":[{"embeddable":true,"href":"https:\/\/laretive.info\/index.php?rest_route=%2Fwp%2Fv2%2Fcomments&post=636"}],"version-history":[{"count":1,"href":"https:\/\/laretive.info\/index.php?rest_route=\/wp\/v2\/pages\/636\/revisions"}],"predecessor-version":[{"id":637,"href":"https:\/\/laretive.info\/index.php?rest_route=\/wp\/v2\/pages\/636\/revisions\/637"}],"up":[{"embeddable":true,"href":"https:\/\/laretive.info\/index.php?rest_route=\/wp\/v2\/pages\/565"}],"wp:attachment":[{"href":"https:\/\/laretive.info\/index.php?rest_route=%2Fwp%2Fv2%2Fmedia&parent=636"}],"curies":[{"name":"wp","href":"https:\/\/api.w.org\/{rel}","templated":true}]}}