{"id":8,"date":"2013-08-16T15:36:33","date_gmt":"2013-08-16T14:36:33","guid":{"rendered":"http:\/\/laretive.info\/?page_id=8"},"modified":"2025-02-18T20:08:43","modified_gmt":"2025-02-18T19:08:43","slug":"presentation","status":"publish","type":"page","link":"https:\/\/laretive.info\/?page_id=8","title":{"rendered":"Pr\u00e9sentation"},"content":{"rendered":"<p>La R\u00e9tive est une biblioth\u00e8que\/m\u00e9diath\u00e8que et un lieu de rencontres et d\u2019\u00e9changes. Situ\u00e9e \u00e0 Al\u00e8s au 42 faubourg d&rsquo;Auvergne, elle est gratuite et accessible \u00e0 toutes et tous.<\/p>\n<p>C\u2019est un espace pour faire vivre des id\u00e9es d\u2019\u00e9mancipation sociale et contribuer \u00e0 la subversion des rapports sociaux. On y partage des informations et des regards critiques sur ce monde et les luttes qui en \u00e9mergent.<\/p>\n<p>On s\u2019y rend pour emprunter un bouquin, une revue, une bande dessin\u00e9e, un film&#8230; Elle est ouverte les mercredi et samedi apr\u00e8s-midi, pour y lire sur place, consulter archives, journaux, brochures&#8230; ou pour repartir avec quelques ouvrages choisis. Elle dispose d\u2019un fond compos\u00e9 de th\u00e9orie critique, d\u2019histoire, de philosophie politique, de diff\u00e9rentes sciences sociales ainsi que de romans, polards, SF, livres pour enfants&#8230;<\/p>\n<p>On s\u2019y retrouve pour voir un film, participer \u00e0 une discussion, un repas&#8230; R\u00e9guli\u00e8rement la R\u00e9tive propose des projections, des d\u00e9bats autour de livres, de sujets sp\u00e9cifiques. Elle accueille aussi des initiatives d\u2019autres collectifs ou d\u2019individus.<\/p>\n<p>Des r\u00e9unions se tiennent tous les mois o\u00f9 quiconque peut venir pour participer \u00e0 l\u2019organisation du lieu ou proposer des activit\u00e9s. Les d\u00e9cisions sont prises apr\u00e8s discussion et recherche d\u2019un accord commun. Le fonctionnement est collectif et sans hi\u00e9rarchie.<\/p>\n","protected":false},"excerpt":{"rendered":"<p>La R\u00e9tive est une biblioth\u00e8que\/m\u00e9diath\u00e8que et un lieu de rencontres et d\u2019\u00e9changes. Situ\u00e9e \u00e0 Al\u00e8s au 42 faubourg d&rsquo;Auvergne, elle est gratuite et accessible \u00e0 toutes et tous. C\u2019est un espace pour faire vivre des id\u00e9es d\u2019\u00e9mancipation sociale et contribuer &hellip; <a href=\"https:\/\/laretive.info\/?page_id=8\">Continuer la lecture <span class=\"meta-nav\">&rarr;<\/span><\/a><\/p>\n","protected":false},"author":2,"featured_media":0,"parent":0,"menu_order":0,"comment_status":"closed","ping_status":"open","template":"","meta":{"footnotes":""},"class_list":["post-8","page","type-page","status-publish","hentry"],"_links":{"self":[{"href":"https:\/\/laretive.info\/index.php?rest_route=\/wp\/v2\/pages\/8","targetHints":{"allow":["GET"]}}],"collection":[{"href":"https:\/\/laretive.info\/index.php?rest_route=\/wp\/v2\/pages"}],"about":[{"href":"https:\/\/laretive.info\/index.php?rest_route=\/wp\/v2\/types\/page"}],"author":[{"embeddable":true,"href":"https:\/\/laretive.info\/index.php?rest_route=\/wp\/v2\/users\/2"}],"replies":[{"embeddable":true,"href":"https:\/\/laretive.info\/index.php?rest_route=%2Fwp%2Fv2%2Fcomments&post=8"}],"version-history":[{"count":5,"href":"https:\/\/laretive.info\/index.php?rest_route=\/wp\/v2\/pages\/8\/revisions"}],"predecessor-version":[{"id":1681,"href":"https:\/\/laretive.info\/index.php?rest_route=\/wp\/v2\/pages\/8\/revisions\/1681"}],"wp:attachment":[{"href":"https:\/\/laretive.info\/index.php?rest_route=%2Fwp%2Fv2%2Fmedia&parent=8"}],"curies":[{"name":"wp","href":"https:\/\/api.w.org\/{rel}","templated":true}]}}

Présentation

<p>La Rétive est une bibliothèque/médiathèque et un lieu de rencontres et d’échanges. Située à Alès au 42 faubourg d&rsquo;Auvergne, elle est gratuite et accessible à toutes et tous.</p>
<p>C’est un espace pour faire vivre des idées d’émancipation sociale et contribuer à la subversion des rapports sociaux. On y partage des informations et des regards critiques sur ce monde et les luttes qui en émergent.</p>
<p>On s’y rend pour emprunter un bouquin, une revue, une bande dessinée, un film&#8230; Elle est ouverte les mercredi et samedi après-midi, pour y lire sur place, consulter archives, journaux, brochures&#8230; ou pour repartir avec quelques ouvrages choisis. Elle dispose d’un fond composé de théorie critique, d’histoire, de philosophie politique, de différentes sciences sociales ainsi que de romans, polards, SF, livres pour enfants&#8230;</p>
<p>On s’y retrouve pour voir un film, participer à une discussion, un repas&#8230; Régulièrement la Rétive propose des projections, des débats autour de livres, de sujets spécifiques. Elle accueille aussi des initiatives d’autres collectifs ou d’individus.</p>
<p>Des réunions se tiennent tous les mois où quiconque peut venir pour participer à l’organisation du lieu ou proposer des activités. Les décisions sont prises après discussion et recherche d’un accord commun. Le fonctionnement est collectif et sans hiérarchie.</p>

<p>La Rétive est une bibliothèque/médiathèque et un lieu de rencontres et d’échanges. Située à Alès au 42 faubourg d&rsquo;Auvergne, elle est gratuite et accessible à toutes et tous. C’est un espace pour faire vivre des idées d’émancipation sociale et contribuer &hellip; <a href="https://laretive.info/?page_id=8">Continuer la lecture <span class="meta-nav">&rarr;</span></a></p>
